{"id":24462,"date":"2020-10-07T04:43:41","date_gmt":"2020-10-07T04:43:41","guid":{"rendered":"https:\/\/fysiotherapiekijkduin.nl\/home\/"},"modified":"2023-09-08T20:14:48","modified_gmt":"2023-09-08T20:14:48","slug":"home","status":"publish","type":"page","link":"http:\/\/fysiotherapiekijkduin.nl\/home\/","title":{"rendered":"Home"},"content":{"rendered":"\t\t<div data-elementor-type=\"wp-page\" data-elementor-id=\"24462\" class=\"elementor elementor-24462\">\n\t\t\t\t\t\t\t\t\t<section class=\"elementor-section elementor-top-section elementor-element elementor-element-7e4f20d elementor-section-boxed elementor-section-height-default elementor-section-height-default\" data-id=\"7e4f20d\" data-element_type=\"section\">\n\t\t\t\t\t\t<div class=\"elementor-container elementor-column-gap-default\">\n\t\t\t\t\t<div class=\"elementor-column elementor-col-50 elementor-top-column elementor-element elementor-element-5091fc4\" data-id=\"5091fc4\" data-element_type=\"column\">\n\t\t\t<div class=\"elementor-widget-wrap elementor-element-populated\">\n\t\t\t\t\t\t\t\t<div class=\"elementor-element elementor-element-f9e8cfa elementor-widget elementor-widget-heading\" data-id=\"f9e8cfa\" data-element_type=\"widget\" data-widget_type=\"heading.default\">\n\t\t\t\t<div class=\"elementor-widget-container\">\n\t\t\t<style>\/*! elementor - v3.15.0 - 20-08-2023 *\/\n.elementor-heading-title{padding:0;margin:0;line-height:1}.elementor-widget-heading .elementor-heading-title[class*=elementor-size-]>a{color:inherit;font-size:inherit;line-height:inherit}.elementor-widget-heading .elementor-heading-title.elementor-size-small{font-size:15px}.elementor-widget-heading .elementor-heading-title.elementor-size-medium{font-size:19px}.elementor-widget-heading .elementor-heading-title.elementor-size-large{font-size:29px}.elementor-widget-heading .elementor-heading-title.elementor-size-xl{font-size:39px}.elementor-widget-heading .elementor-heading-title.elementor-size-xxl{font-size:59px}<\/style><h2 class=\"elementor-heading-title elementor-size-default\">Fysiotherapie voor jong & oud<\/h2>\t\t<\/div>\n\t\t\t\t<\/div>\n\t\t\t\t<div class=\"elementor-element elementor-element-608aac9 elementor-widget elementor-widget-text-editor\" data-id=\"608aac9\" data-element_type=\"widget\" data-widget_type=\"text-editor.default\">\n\t\t\t\t<div class=\"elementor-widget-container\">\n\t\t\t<style>\/*! elementor - v3.15.0 - 20-08-2023 *\/\n.elementor-widget-text-editor.elementor-drop-cap-view-stacked .elementor-drop-cap{background-color:#69727d;color:#fff}.elementor-widget-text-editor.elementor-drop-cap-view-framed .elementor-drop-cap{color:#69727d;border:3px solid;background-color:transparent}.elementor-widget-text-editor:not(.elementor-drop-cap-view-default) .elementor-drop-cap{margin-top:8px}.elementor-widget-text-editor:not(.elementor-drop-cap-view-default) .elementor-drop-cap-letter{width:1em;height:1em}.elementor-widget-text-editor .elementor-drop-cap{float:left;text-align:center;line-height:1;font-size:50px}.elementor-widget-text-editor .elementor-drop-cap-letter{display:inline-block}<\/style>\t\t\t\t<p>Welkom bij Fysiotherapie Kijkduin. Dagelijks helpen wij meerdere pati\u00ebnten die lichamelijke pijn of beperkingen ervaren. Ons team bestaat uit algemene fysiotherapeuten, oedeemtherapeut, sportfysiotherapeut \u00e9n specialisten op meerdere aandachtsgebieden. Zo behandelen en begeleiden wij veel pati\u00ebnten na een ingrijpende operatie of pati\u00ebnten met chronische klachten. Ook begeleiden en behandelen wij bijvoorbeeld jonge topsporters die zich voorbereiden voor grote toernooien.<\/p><p><em><strong>Uw zorg in goeden handen.<\/strong><\/em><\/p>\t\t\t\t\t\t<\/div>\n\t\t\t\t<\/div>\n\t\t\t\t\t<\/div>\n\t\t<\/div>\n\t\t\t\t<div class=\"elementor-column elementor-col-50 elementor-top-column elementor-element elementor-element-4eefd56\" data-id=\"4eefd56\" data-element_type=\"column\">\n\t\t\t<div class=\"elementor-widget-wrap elementor-element-populated\">\n\t\t\t\t\t\t\t\t<div class=\"elementor-element elementor-element-e77d9cc elementor-widget elementor-widget-image\" data-id=\"e77d9cc\" data-element_type=\"widget\" data-widget_type=\"image.default\">\n\t\t\t\t<div class=\"elementor-widget-container\">\n\t\t\t<style>\/*! elementor - v3.15.0 - 20-08-2023 *\/\n.elementor-widget-image{text-align:center}.elementor-widget-image a{display:inline-block}.elementor-widget-image a img[src$=\".svg\"]{width:48px}.elementor-widget-image img{vertical-align:middle;display:inline-block}<\/style>\t\t\t\t\t\t\t\t\t\t\t\t<img decoding=\"async\" loading=\"lazy\" width=\"810\" height=\"539\" src=\"http:\/\/fysiotherapiekijkduin.nl\/wp-content\/uploads\/2023\/09\/physiotherapy-595529_1280-1024x682.jpg\" class=\"attachment-large size-large wp-image-24588\" alt=\"\" srcset=\"http:\/\/fysiotherapiekijkduin.nl\/wp-content\/uploads\/2023\/09\/physiotherapy-595529_1280-1024x682.jpg 1024w, http:\/\/fysiotherapiekijkduin.nl\/wp-content\/uploads\/2023\/09\/physiotherapy-595529_1280-300x200.jpg 300w, http:\/\/fysiotherapiekijkduin.nl\/wp-content\/uploads\/2023\/09\/physiotherapy-595529_1280-768x512.jpg 768w, http:\/\/fysiotherapiekijkduin.nl\/wp-content\/uploads\/2023\/09\/physiotherapy-595529_1280-90x60.jpg 90w, http:\/\/fysiotherapiekijkduin.nl\/wp-content\/uploads\/2023\/09\/physiotherapy-595529_1280.jpg 1280w\" sizes=\"(max-width: 810px) 100vw, 810px\" \/>\t\t\t\t\t\t\t\t\t\t\t\t\t\t\t<\/div>\n\t\t\t\t<\/div>\n\t\t\t\t\t<\/div>\n\t\t<\/div>\n\t\t\t\t\t\t\t<\/div>\n\t\t<\/section>\n\t\t\t\t<section class=\"elementor-section elementor-top-section elementor-element elementor-element-d81c5d9 elementor-section-boxed elementor-section-height-default elementor-section-height-default\" data-id=\"d81c5d9\" data-element_type=\"section\">\n\t\t\t\t\t\t<div class=\"elementor-container elementor-column-gap-default\">\n\t\t\t\t\t<div class=\"elementor-column elementor-col-50 elementor-top-column elementor-element elementor-element-a583b26\" data-id=\"a583b26\" data-element_type=\"column\">\n\t\t\t<div class=\"elementor-widget-wrap elementor-element-populated\">\n\t\t\t\t\t\t\t\t<div class=\"elementor-element elementor-element-e083aad elementor-widget elementor-widget-image\" data-id=\"e083aad\" data-element_type=\"widget\" data-widget_type=\"image.default\">\n\t\t\t\t<div class=\"elementor-widget-container\">\n\t\t\t\t\t\t\t\t\t\t\t\t\t\t\t<img decoding=\"async\" loading=\"lazy\" width=\"300\" height=\"300\" src=\"http:\/\/fysiotherapiekijkduin.nl\/wp-content\/uploads\/2023\/09\/checklist-300x300.png\" class=\"attachment-medium size-medium wp-image-24607\" alt=\"\" srcset=\"http:\/\/fysiotherapiekijkduin.nl\/wp-content\/uploads\/2023\/09\/checklist-300x300.png 300w, http:\/\/fysiotherapiekijkduin.nl\/wp-content\/uploads\/2023\/09\/checklist-1024x1024.png 1024w, http:\/\/fysiotherapiekijkduin.nl\/wp-content\/uploads\/2023\/09\/checklist-150x150.png 150w, http:\/\/fysiotherapiekijkduin.nl\/wp-content\/uploads\/2023\/09\/checklist-768x768.png 768w, http:\/\/fysiotherapiekijkduin.nl\/wp-content\/uploads\/2023\/09\/checklist-60x60.png 60w, http:\/\/fysiotherapiekijkduin.nl\/wp-content\/uploads\/2023\/09\/checklist.png 1280w\" sizes=\"(max-width: 300px) 100vw, 300px\" \/>\t\t\t\t\t\t\t\t\t\t\t\t\t\t\t<\/div>\n\t\t\t\t<\/div>\n\t\t\t\t\t<\/div>\n\t\t<\/div>\n\t\t\t\t<div class=\"elementor-column elementor-col-50 elementor-top-column elementor-element elementor-element-7e6e591\" data-id=\"7e6e591\" data-element_type=\"column\">\n\t\t\t<div class=\"elementor-widget-wrap elementor-element-populated\">\n\t\t\t\t\t\t\t\t<div class=\"elementor-element elementor-element-b3863e0 elementor-widget elementor-widget-heading\" data-id=\"b3863e0\" data-element_type=\"widget\" data-widget_type=\"heading.default\">\n\t\t\t\t<div class=\"elementor-widget-container\">\n\t\t\t<h2 class=\"elementor-heading-title elementor-size-default\">Waarom Fysiotherapie Kijkduin<\/h2>\t\t<\/div>\n\t\t\t\t<\/div>\n\t\t\t\t<div class=\"elementor-element elementor-element-f19fee4 elementor-widget elementor-widget-text-editor\" data-id=\"f19fee4\" data-element_type=\"widget\" data-widget_type=\"text-editor.default\">\n\t\t\t\t<div class=\"elementor-widget-container\">\n\t\t\t\t\t\t\t<ul><li>Fysiotherapie voor\u00a0<strong>iedereen<\/strong> met uiteenlopende klachten<\/li><li>Ervaren team met veel\u00a0<strong>specialistische kennis<\/strong> onder \u00e9\u00e9n dak<\/li><li>Pati\u00ebnten kunnen bij ons snel terecht voor een afspraak<\/li><li>Contracten met\u00a0<strong>alle zorgverzekeraars<\/strong><\/li><li>Onze behandelingen en adviezen zijn\u00a0<strong>wetenschappelijk onderbouwd<\/strong><\/li><\/ul>\t\t\t\t\t\t<\/div>\n\t\t\t\t<\/div>\n\t\t\t\t\t<\/div>\n\t\t<\/div>\n\t\t\t\t\t\t\t<\/div>\n\t\t<\/section>\n\t\t\t\t<section class=\"elementor-section elementor-top-section elementor-element elementor-element-0ce3cc8 elementor-section-boxed elementor-section-height-default elementor-section-height-default\" data-id=\"0ce3cc8\" data-element_type=\"section\">\n\t\t\t\t\t\t<div class=\"elementor-container elementor-column-gap-default\">\n\t\t\t\t\t<div class=\"elementor-column elementor-col-50 elementor-top-column elementor-element elementor-element-2c8f986\" data-id=\"2c8f986\" data-element_type=\"column\">\n\t\t\t<div class=\"elementor-widget-wrap elementor-element-populated\">\n\t\t\t\t\t\t\t\t<div class=\"elementor-element elementor-element-f72e706 elementor-widget elementor-widget-heading\" data-id=\"f72e706\" data-element_type=\"widget\" data-widget_type=\"heading.default\">\n\t\t\t\t<div class=\"elementor-widget-container\">\n\t\t\t<h2 class=\"elementor-heading-title elementor-size-default\">Klachten snel \u00e9n effectief behandeld<\/h2>\t\t<\/div>\n\t\t\t\t<\/div>\n\t\t\t\t<div class=\"elementor-element elementor-element-a74c42d elementor-widget elementor-widget-text-editor\" data-id=\"a74c42d\" data-element_type=\"widget\" data-widget_type=\"text-editor.default\">\n\t\t\t\t<div class=\"elementor-widget-container\">\n\t\t\t\t\t\t\t<p>Bij Fysiotherapie Kijkduin behandelen wij pati\u00ebnten met uiteenlopende klachten. Zo zien wij bijvoorbeeld dagelijks pati\u00ebnten die klachten ervaren als gevolg van een sportblessure. Denk hierbij aan onder andere een verzwikte enkel of een gescheurde kruisband. Naast sportblessures zien wij wekelijks een patroon aan klachten. Voor velen belemmert dit de dagelijkse activiteiten. Veelvoorkomende klachten die wij hierin zien zijn o.a:<\/p><ul><li>rugpijn<\/li><li>hernia<\/li><li>nekpijn<\/li><li>schouderpijn<\/li><li>artrose<\/li><li>liespijn<\/li><\/ul><p>Ons team is voorzien van meerdere specialisten voor o.a. knieklachten,\u00a0 schouderklachten of rugklachten. Om die reden kunnen wij effectieve fysiotherapie garanderen voor onze pati\u00ebnten.<\/p>\t\t\t\t\t\t<\/div>\n\t\t\t\t<\/div>\n\t\t\t\t\t<\/div>\n\t\t<\/div>\n\t\t\t\t<div class=\"elementor-column elementor-col-50 elementor-top-column elementor-element elementor-element-5af4373\" data-id=\"5af4373\" data-element_type=\"column\">\n\t\t\t<div class=\"elementor-widget-wrap elementor-element-populated\">\n\t\t\t\t\t\t\t\t<div class=\"elementor-element elementor-element-d931fe9 elementor-align-center elementor-widget elementor-widget-button\" data-id=\"d931fe9\" data-element_type=\"widget\" data-widget_type=\"button.default\">\n\t\t\t\t<div class=\"elementor-widget-container\">\n\t\t\t\t\t<div class=\"elementor-button-wrapper\">\n\t\t\t<a class=\"elementor-button elementor-button-link elementor-size-sm\" href=\"tel:0703251647\">\n\t\t\t\t\t\t<span class=\"elementor-button-content-wrapper\">\n\t\t\t\t\t\t<span class=\"elementor-button-text\">Maak uw afspraak : 070 - 325 16 47<\/span>\n\t\t<\/span>\n\t\t\t\t\t<\/a>\n\t\t<\/div>\n\t\t\t\t<\/div>\n\t\t\t\t<\/div>\n\t\t\t\t\t<\/div>\n\t\t<\/div>\n\t\t\t\t\t\t\t<\/div>\n\t\t<\/section>\n\t\t\t\t\t\t\t<\/div>\n\t\t","protected":false},"excerpt":{"rendered":"<p>Fysiotherapie voor jong &#038; oud Welkom bij Fysiotherapie Kijkduin. Dagelijks helpen wij meerdere pati\u00ebnten die lichamelijke pijn of beperkingen ervaren. Ons team bestaat uit algemene fysiotherapeuten, oedeemtherapeut, sportfysiotherapeut \u00e9n specialisten op meerdere aandachtsgebieden. Zo behandelen en begeleiden wij veel pati\u00ebnten na een ingrijpende operatie of pati\u00ebnten met chronische klachten. Ook begeleiden en behandelen wij bijvoorbeeld &hellip; <\/p>\n","protected":false},"author":1,"featured_media":0,"parent":0,"menu_order":0,"comment_status":"closed","ping_status":"closed","template":"elementor_header_footer","meta":{"footnotes":""},"_links":{"self":[{"href":"http:\/\/fysiotherapiekijkduin.nl\/home\/wp-json\/wp\/v2\/pages\/24462"}],"collection":[{"href":"http:\/\/fysiotherapiekijkduin.nl\/home\/wp-json\/wp\/v2\/pages"}],"about":[{"href":"http:\/\/fysiotherapiekijkduin.nl\/home\/wp-json\/wp\/v2\/types\/page"}],"author":[{"embeddable":true,"href":"http:\/\/fysiotherapiekijkduin.nl\/home\/wp-json\/wp\/v2\/users\/1"}],"replies":[{"embeddable":true,"href":"http:\/\/fysiotherapiekijkduin.nl\/home\/wp-json\/wp\/v2\/comments?post=24462"}],"version-history":[{"count":17,"href":"http:\/\/fysiotherapiekijkduin.nl\/home\/wp-json\/wp\/v2\/pages\/24462\/revisions"}],"predecessor-version":[{"id":24674,"href":"http:\/\/fysiotherapiekijkduin.nl\/home\/wp-json\/wp\/v2\/pages\/24462\/revisions\/24674"}],"wp:attachment":[{"href":"http:\/\/fysiotherapiekijkduin.nl\/home\/wp-json\/wp\/v2\/media?parent=24462"}],"curies":[{"name":"wp","href":"https:\/\/api.w.org\/{rel}","templated":true}]}}